20 and 65980?
20
Calculate the greatest common divisor of 99 and 6633.
99
What is the greatest common divisor of 4970 and 140?
70
Calculate the highest common divisor of 1771 and 161.
161
What is the greatest common factor of 639 and 63?
9
Calculate the greatest common factor of 1690 and 1170.
130
What is the greatest common divisor of 66 and 242?
22
What is the greatest common divisor of 1257 and 9?
3
What is the highest common divisor of 145 and 435?
145
Calculate the greatest common factor of 30 and 1290.
30
What is the greatest common factor of 14 and 343?
7
What is the greatest common factor of 252 and 3556?
28
Calculate the greatest common divisor of 68 and 4.
4
What is the greatest common divisor of 39 and 117?
39
Calculate the greatest common factor of 92 and 161.
23
Calculate the greatest common factor of 29 and 3509.
29
What is the greatest common factor of 106 and 8?
2
Calculate the greatest common divisor of 310 and 40.
10
Calculate the highest common factor of 110 and 4345.
55
What is the greatest common divisor of 10 and 3730?
10
Calculate the highest common factor of 4605 and 15.
15
Calculate the highest common factor of 556 and 973.
139
What is the greatest common divisor of 256 and 400?
16
What is the highest common divisor of 105370 and 410?
410
What is the greatest common divisor of 244 and 41358?
122
What is the highest common factor of 28 and 6524?
28
Calculate the highest common divisor of 2730 and 156.
78
Calculate the greatest common divisor of 1545 and 15.
15
What is the greatest common divisor of 1656 and 216?
72
What is the highest common divisor of 1378 and 1166?
106
Calculate the greatest common divisor of 255 and 425.
85
What is the highest common divisor of 63 and 15?
3
Calculate the highest common divisor of 385 and 77.
77
Calculate the highest common divisor of 1926 and 162.
18
What is the greatest common divisor of 2775 and 888?
111
Calculate the highest common divisor of 416 and 40.
8
What is the greatest common divisor of 249 and 3?
3
Calculate the greatest common divisor of 276 and 24.
12
Calculate the highest common factor of 1584 and 72.
72
Calculate the greatest common factor of 135 and 1605.
15
Calculate the highest common divisor of 3071 and 166.
83
Calculate the highest common factor of 57 and 1425.
57
Calculate the greatest common factor of 1085 and 93.
31
Calculate the highest common divisor of 352 and 77.
11
What is the highest common divisor of 3817 and 11?
11
Calculate the highest common factor of 28 and 917.
7
What is the highest common divisor of 31 and 589?
31
Calculate the greatest common factor of 120 and 390.
30
What is the highest common divisor of 189 and 6762?
21
Calculate the highest common factor of 11858 and 462.
154
What is the greatest common divisor of 255 and 8313?
51
Calculate the highest common divisor of 1032 and 129.
129
Calculate the highest common factor of 4031 and 278.
139
What is the greatest common factor of 38 and 10678?
38
What is the greatest common divisor of 83 and 166?
83
Calculate the highest common factor of 81 and 153.
9
What is the highest common factor of 370 and 37?
37
Calculate the greatest common factor of 352 and 16.
16
Calculate the highest common divisor of 10 and 1480.
10
What is the highest common factor of 644 and 736?
92
What is the greatest common factor of 350 and 490?
70
Calculate the highest common factor of 51084 and 258.
258
Calculate the highest common divisor of 903 and 86.
43
What is the greatest common factor of 5560 and 160?
40
Calculate the highest common factor of 1809 and 27.
27
Calculate the highest common factor of 684 and 126.
18
What is the greatest common factor of 6226 and 99?
11
What is the highest common factor of 16 and 292?
4
What is the greatest common divisor of 175 and 8400?
175
Calculate the highest common factor of 144 and 156.
12
What is the greatest common factor of 150 and 1200?
150
Calculate the highest common divisor of 20 and 1410.
10
Calculate the greatest common factor of 2805 and 180.
15
Calculate the greatest common factor of 426 and 34790.
142
What is the greatest common factor of 70 and 60?
10
What is the highest common divisor of 1417 and 872?
109
What is the greatest common factor of 651 and 525?
21
Calculate the greatest common factor of 18931 and 11.
11
What is the greatest common divisor of 47 and 47?
47
Calculate the greatest common divisor of 111 and 1406.
37
What is the greatest common divisor of 92 and 5773?
23
Calculate the greatest common factor of 16 and 136.
8
What is the highest common divisor of 87 and 2291?
29
Calculate the greatest common factor of 1040 and 280.
40
Calculate the highest common divisor of 7463 and 17.
17
What is the highest common factor of 15 and 2250?
15
Calculate the highest common factor of 18 and 18.
18
What is the greatest common factor of 84 and 5376?
84
What is the greatest common divisor of 551 and 87?
29
What is the greatest common divisor of 34 and 1598?
34
Calculate the highest common factor of 572 and 3484.
52
Calculate the highest common factor of 28 and 1772.
4
Calculate the greatest common divisor of 110 and 70.
10
Calculate the greatest common divisor of 12937 and 136.
17
Calculate the highest common divisor of 86 and 2279.
43
Calculate the greatest common factor of 79 and 2449.
79
What is the greatest common divisor of 1474 and 33?
11
Calculate the greatest common factor of 143 and 9.
1
What is the greatest common factor of 10 and 6130?
10
What is the greatest common divisor of 3051 and 81?
27
Calculate the greatest common divisor of 149 and 14453.
149
Calculate the greatest common factor of 62 and 1426.
62
Calculate the highest common divisor of 928 and 1504.
32
Calculate the highest common divisor of 1071 and 6.
3
What is the highest common factor of 917 and 42?
7
What is the highest common factor of 58 and 7946?
58
Calculate the greatest common divisor of 744 and 62.
62
Calculate the highest common factor of 70 and 42.
14
What is the highest common divisor of 76 and 361?
19
Calculate the highest common divisor of 34 and 544.
34
Calculate the greatest common divisor of 57 and 1824.
57
What is the greatest common factor of 58 and 1334?
58
Calculate the highest common divisor of 6552 and 56.
56
Calculate the greatest common factor of 2173 and 53.
53
Calculate the greatest common divisor of 24 and 60.
12
What is the highest common divisor of 77 and 539?
77
What is the highest common divisor of 75 and 1275?
75
Calculate the greatest common divisor of 96 and 96.
96
Calculate the greatest common divisor of 408 and 312.
24
Calculate the greatest common divisor of 8800 and 3168.
352
What is the highest common divisor of 295 and 1829?
59
What is the greatest common divisor of 1235 and 95?
95
Calculate the greatest common factor of 24 and 2676.
12
What is the greatest common divisor of 511 and 7?
7
Calculate the greatest common divisor of 62 and 6014.
62
What is the highest common divisor of 1596 and 168?
84
Calculate the greatest common divisor of 2603 and 38.
19
What is the greatest common factor of 1611 and 243?
9
Calculate the highest common factor of 888 and 24.
24
What is the highest common divisor of 4232 and 2760?
184
What is the greatest common divisor of 1053 and 162?
81
Calculate the greatest common divisor of 72702 and 126.
126
Calculate the greatest common divisor of 112 and 280.
56
What is the greatest common factor of 136 and 1462?
34
Calculate the greatest common divisor of 148 and 4.
4
What is the greatest common factor of 18045 and 802?
401
What is the highest common factor of 310 and 3410?
310
What is the greatest common factor of 2384 and 16?
16
What is the highest common divisor of 172 and 24?
4
Calculate the greatest common factor of 87 and 138.
3
What is the greatest common divisor of 5 and 1745?
5
Calculate the highest common factor of 3094 and 7956.
442
Calculate the highest common divisor of 28 and 49.
7
Calculate the greatest common factor of 1665 and 10.
5
What is the highest common divisor of 660 and 31515?
165
What is the highest common divisor of 402 and 201?
201
Calculate the highest common divisor of 13 and 2704.
13
What is the highest common divisor of 41 and 4018?
41
What is the greatest common factor of 7 and 35?
7
Calculate th